hat is 2588305183 - 1?
2588305182
In base 3, what is 10 + 10220021220101?
10220021220111
In base 12, what is -b2248 + 242?
-b2006
In base 15, what is -a5dd7b + -23?
-a5dd9e
In base 16, what is -113 + -13b3f?
-13c52
In base 8, what is 62 - 462454?
-462372
In base 15, what is 51 + -42b9e1?
-42b990
In base 4, what is 1212111211131 + -12?
1212111211113
In base 16, what is -d2a - 7123?
-7e4d
In base 15, what is 21dcdee0 - -5?
21dcdee5
In base 14, what is -102731 - 15?
-102746
In base 8, what is 323 + 546446?
546771
In base 14, what is aa - 3ca7a?
-3c9b0
In base 11, what is 29631795 + -1?
29631794
In base 15, what is -1bb5 + -35d6?
-529b
In base 16, what is -1 - -85c7678?
85c7677
In base 15, what is -3 - 13ad4b?
-13ad4e
In base 8, what is -1621250643 + -2?
-1621250645
In base 8, what is -565620 - 253?
-566073
In base 14, what is 46b7 - -c46?
551d
In base 13, what is 617b - -b59?
7007
In base 2, what is 1101110010100111 - 1100?
1101110010011011
In base 2, what is 11001100111010001000011 + 10?
11001100111010001000101
In base 6, what is 144 + 15144220?
15144404
In base 13, what is 116 + 13180?
13296
In base 13, what is 0 - -c0a835?
c0a835
In base 8, what is -1113275 + 1?
-1113274
In base 12, what is 26 - 20b17b?
-20b155
In base 8, what is 14141030 + 2?
14141032
In base 3, what is -110021120 + -120100?
-110211220
In base 7, what is 3326 - 125125?
-121466
In base 3, what is 111021120121212 + -1?
111021120121211
In base 3, what is -1 - 20112211110001?
-20112211110002
In base 2, what is -111001100101110101 - -111100?
-111001100100111001
In base 16, what is -32a394f - 3?
-32a3952
In base 16, what is -11a1f3e + 3?
-11a1f3b
In base 5, what is -4304 + 44200242?
44140433
In base 15, what is 137 + -c108?
-bec1
In base 10, what is -10 + -26217222?
-26217232
In base 5, what is 3312 - -214404?
223221
In base 2, what is 11010011 - 101111111111101001?
-101111111100010110
In base 14, what is -36154 - -22c?
-35d26
In base 6, what is -42 - -213134444?
213134402
In base 3, what is -1110112100 - -21022121?
-1012012202
In base 2, what is -100 - -1010001100000010001001100000?
1010001100000010001001011100
In base 11, what is 458538 - -a?
458547
In base 9, what is 772 - 57723?
-56841
In base 3, what is -1222011220 - 200212?
-1222212202
In base 9, what is -5 - -2460143?
2460137
In base 11, what is 1574213 + -56?
1574168
In base 8, what is 1 + -145065453?
-145065452
In base 3, what is 220111221 - 121212?
212220002
In base 9, what is 584865015 + -3?
584865012
In base 7, what is 12 + 13062055?
13062100
In base 14, what is -a36 + 3c2ca?
3b694
In base 8, what is -3674041 - -133?
-3673706
In base 10, what is 5 - -164813717?
164813722
In base 11, what is 380 + -109052a?
-109015a
In base 13, what is -3c0b3 - -526b?
-36b45
In base 7, what is 555 - 4362122?
-4361234
In base 11, what is 27 + 105a894?
105a910
In base 5, what is 1001412200 - 11?
1001412134
In base 13, what is 16 - 3cb023?
-3cb00a
In base 11, what is -3927 - 221?
-4048
In base 14, what is -22d878 - 4?
-22d87c
In base 11, what is 148 + 266491?
266629
In base 8, what is 227615 + 327?
230144
In base 2, what is 1101001000011110000010010 + -111?
1101001000011110000001011
In base 4, what is -102333123 - -233310?
-102033213
In base 7, what is -340304 + -210?
-340514
In base 13, what is 38a213aa - 1?
38a213a9
In base 15, what is 1e - 21162b?
-21160c
In base 6, what is -102252 + 1442111?
1335415
In base 14, what is -3694 - -1ac96?
17602
In base 9, what is -72315534 - -15?
-72315518
In base 13, what is -13 - -8b4b61?
8b4b4b
In base 10, what is 7595 - 74832?
-67237
In base 13, what is -1aa7b - -47?
-1aa34
In base 4, what is -113202 - -310110?
130302
In base 11, what is 28a - -435544?
435823
In base 2, what is -111110100000010000100 + -1?
-111110100000010000101
In base 15, what is -ea - 1cde?
-1dd9
In base 14, what is d56dc6 - 8b?
d56d39
In base 6, what is 223450025 - -5?
223450034
In base 11, what is -111152 - 235?
-111387
In base 11, what is 1299 + 32657?
33945
In base 5, what is -11 + 434410143?
434410132
In base 16, what is 5 + -1e62fc?
-1e62f7
In base 10, what is 4 - -159766668?
159766672
In base 2, what is 11000111100100 + -10011111?
11000101000101
In base 8, what is 6566157 - 2?
6566155
In base 13, what is -1c + 127570c?
12756c0
In base 4, what is -330303033223233 - 0?
-330303033223233
In base 7, what is 525342 + -2525?
522514
In base 8, what is -164 - -312067?
311703
In base 3, what is -12012 - -11120001012?
11112212000
In base 6, what is 3 + 11121043?
11121050
In base 9, what is -56681 - -653?
-56027
In base 12, what is -1447224 - -8?
-1447218
In base 6, what is 35 - 433231025?
-433230550
In base 10, what is -695235 - 43?
-695278
In base 6, what is -5 - 132532224?
-132532233
In base 12, what is 37b - -759b?
795a
In base 2, what is 11110000111000000111 - -1001?
11110000111000010000
In base 8, what is -2076 - -73706?
71610
In base 8, what is -16 - 1340467?
-1340505
In base 10, what is -161690 + 684?
-161006
In base 12, what is -3 - a03980?
-a03983
In base 15, what is 6ad5da + -2?
6ad5d8
In base 5, what is 12443 - -201002?
214000
In base 6, what is -1 - -1054000200?
1054000155
In base 6, what is 42 + 3502300303?
3502300345
In base 11, what is 159 + 153675?
153823
In base 3, what is 2 + -21102101120101?
-21102101120022
In base 16, what is -93102d - 4?
-931031
In base 12, what is 1634675 - -3?
1634678
In base 3, what is -11 + 110020121000012?
110020121000001
In base 9, what is -381712308 - -4?
-381712304
In base 11, what is -381825 - -4?
-381821
In base 3, what is 1002 - -220121002120?
220121010122
In base 9, what is -30383 - -74?
-30308
In base 2, what is -11011010111001111101011100 + 11?
-11011010111001111101011001
In base 16, what is -8a18 + 2b6?
-8762
In base 5, what is 1340202 - -2411?
1343113
In base 7, what is -1 + 46400454?
46400453
In base 15, what is 4d9883 - 19b?
4d96d7
In base 9, what is 81186 - -1144?
82341
In base 16, what is 0 - -a42af4?
a42af4
In base 2, what is -101100001001011 - 11101010001?
-101111110011100
In base 10, what is -4235 - 1295?
-5530
In base 14, what is -8 - 1500436?
-1500440
In base 8, what is 2716652 - -1216?
2720070
In base 12, what is 425b68 + 2b?
425b97
In base 8, what is -43 + -4461607?
-4461652
In base 7, what is 55 + 2130342?
2130430
In base 15, what is -8363bbe + 5?
-8363bb9
In base 7, what is -140 + 13126364?
13126224
In base 10, what is 20 - 7691348?
-7691328
In base 6, what is 5551 + 13333?
23324
In base 11, what is 452 + -542a3?
-53951
In base 13, what is 4cba + 556?
5543
In base 6, what is -334335455 - 14?
-334335513
In base 5, what is -424134423 - -20?
-424134403
In base 4, what is 3230022 - 1233220?
1330202
In base 14, what is 4ab0b - -c00?
4b90b
In base 11, what is -1a - 15465224?
-15465243
In base 3, what is 1 - -2001201220221?
2001201220222
In base 16, what is 1f6 - -774?
96a
In base 4, what is -3223 - 11113113?
-11123002
In base 15, what is -4899 + -104?
-499d
In base 8, what is 51 + -175134142?
-175134071
In base 7, what is 405554 - 42?
405512
In base 4, what is -2 - -33331001211?
33331001203
In base 4, what is -1220121331 - -300?
-1220121031
In base 9, what is -106720 + -154?
-106874
In base 8, what is -21713354 - -4?
-21713350
In base 3, what is 1011122120022221 - -102?
1011122120100100
In base 10, what is -2 - -1958?
1956
In base 11, what is -4 + 2611860?
2611857
In base 9, what is -337638 + 36?
-337602
In base 4, what is -3201112 - 1230113?
-11031231
In base 4, what is 10322110 + 301110?
11223220
In base 6, what is 21321434 - -2?
21321440
In base 13, what is 6 + 1830b9?
1830c2
In base 6, what is -10221455 + -113?
-10222012
In base 10, what is -1 + 38819261?
38819260
In base 3, what is -1220020010202 - 1120?
-1220020012022
In base 7, what is 435 - -135323?
136061
In base 12, what is -9ba00 + -8a7?
-a06a7
In base 11, what is 2a4 - 634034?
-633840
In base 5, what is -4422 + -31310040?
-31320012
In base 14, what is -15 - 56d83?
-56d98
In base 8, what is 167 + 15655771?
15656160
In base 9, what is 11075 + -127?
10847
In base 3, what is -2110202012 - 1100212?
-2112010001
In base 10, what is -282 + 99609?
99327
In base 16, what is 28efda1 - 3?
28efd9e
In base 16, what is 4 + 3d3a51?
3d3a55
In base 11, what is -624a4 + 788?
-61817
In base 16, what is 9f39 - -2?
9f3b
In base 10, 